ors of j?
7, 23
Suppose c = 4*c - 3267. What are the prime factors of c?
3, 11
Let o = 3012 + -2085. List the prime factors of o.
3, 103
Let n(d) = d**2 - 13*d + 11. Let m(t) = -2*t + 2. Let r be m(-3). Let a be n(r). Let w = a + 54. List the prime factors of w.
5
Suppose -2*u - 20 = -2*h - 2*h, -4*h = 4*u - 8. Suppose h*q - 9 - 11 = -3*g, -2*q = -2*g + 18. What are the prime factors of ((-52)/g)/((-1)/10)?
5, 13
Let i(g) = 21*g + 1. Let c(k) = 11*k + 1. Let a(n) = -5*c(n) + 2*i(n). Suppose -5*x + 5*o - 20 = 0, -5*o = 4*x + x. What are the prime factors of a(x)?
23
Let l(o) = 4*o**2 - 152*o - 68. List the prime factors of l(43).
2, 3, 11
Let x = 1309 - 826. What are the prime factors of x?
3, 7, 23
Let m(g) = 8*g - 14. Suppose -18*b + 26 = -17*b. Let q = b - 19. List the prime factors of m(q).
2, 3, 7
Suppose 4*j = 4*y + 6232, -4*j - 26*y = -23*y - 6211. List the prime factors of j.
5, 311
Let w(z) = 4*z**2 + 3*z + 7. Let s be 4/2*(-24)/16. Let b be w(s). Suppose -b = -4*p + 54. What are the prime factors of p?
2, 11
Suppose z - 2*l + 178 = 0, -6*l = -5*z - 2*l - 902. Let r = 263 + z. What are the prime factors of r?
3
List the prime factors of -12*(-126)/(-9)*39/(-4).
2, 3, 7, 13
Let b be -5*(-2)/20*14. List the prime factors of b/28 - 3/(36/(-417)).
5, 7
Let n(i) be the second derivative of 7*i**3/6 - i**2 - 6*i. Let k be n(5). Let y = -18 + k. What are the prime factors of y?
3, 5
Suppose 0 = 6*w - 2*w. Suppose 2*q = -5*x + 75, 47 = -w*x + 4*x - q. Let r = -7 + x. List the prime factors of r.
2, 3
Let j = -406 + 579. Let s = j - 119. What are the prime factors of s?
2, 3
Suppose 0*p = p + 19. Let r be p/((-2 + 4)/4). Let h = r - -73. What are the prime factors of h?
5, 7
Suppose -4*b + 4 = 0, 5*b - 226 - 314 = -5*x. What are the prime factors of x?
107
Let x(p) = -p**2 - 18*p - 15. Let q be x(-17). Suppose 2*u - q*c = c + 8, 5*c = -4*u + 16. Suppose 8 = u*v - 80. List the prime factors of v.
2, 11
Let f = -43 - -41. Let l(v) = -19*v**3 + v**2 - 2*v - 1. What are the prime factors of l(f)?
3, 53
Let l(n) = -223*n - 93. Let c(a) = 149*a + 62. Let i(p) = -8*c(p) - 5*l(p). List the prime factors of i(-3).
2, 5
Let c = -866 + 1584. What are the prime factors of c?
2, 359
Let n(x) = -x**2 - 5*x + 6. Suppose 3*u + 2*u - d = -46, -37 = 4*u - d. Let p be n(u). List the prime factors of (6/(-5))/(p/400).
2
List the prime factors of 10242/12 + 42/12.
857
Let b be -8 + -1 + (-1 - 2). Let n(q) = -q**2 - 14*q - 12. List the prime factors of n(b).
2, 3
Let y(v) = 15*v**2 - 9*v + 20. What are the prime factors of y(-13)?
2, 167
Let o(t) = t**3 - 3*t**2 - 4*t + 1. Let n = -3 + 7. Let p be o(n). Let j = p + 4. List the prime factors of j.
5
Suppose -3*k + 7*k - 8 = 0. Suppose 0 = -2*n - k - 6. List the prime factors of n*(-3)/(-6) - -10.
2
Let a be 4*-1*6/(-12). Suppose -m + 128 = 4*j, 2*m + a*m = -4*j + 140. List the prime factors of j.
31
Let p = 3144 + -1533. What are the prime factors of p?
3, 179
Suppose 351*q + 4004 = 355*q. What are the prime factors of q?
7, 11, 13
Let a = -5 - -11. Let m = a + -3. Suppose -v = -m*u + 65, 5*u - 2*v + 3*v = 103. What are the prime factors of u?
3, 7
Let x(i) = 143*i**2 - 2*i + 8. What are the prime factors of x(-3)?
1301
Let s(i) = 632*i**2 - 2*i + 1. List the prime factors of s(1).
631
Suppose -1996 = 12*v + 2504. Let z = v + 581. What are the prime factors of z?
2, 103
Let i(q) = q + 15. Let n be i(-7). Let w(u) = u**2 - 7*u - 15. Let a be w(n). Let c = 57 - a. List the prime factors of c.
2
Let z be (1 - 0) + (-42)/(-12)*-4. Let j be (-4)/(-10) + (-14)/10. List the prime factors of j - -3 - (z - -5).
2, 5
Suppose 6*k + 4454 - 32444 = 0. List the prime factors of k.
3, 5, 311
Let z(s) = s**3 - s**2 + s. Let m be z(0). Suppose -3*j - 16 + 22 = m. List the prime factors of j.
2
Suppose 5*s + 3*l = 75, 0 = -4*s - 5*l - 37 + 110. Suppose 3*c = 3 + s. Suppose 0 = -c*w + 8*w - 51. List the prime factors of w.
17
Let w(o) = 127*o**2 - 25*o + 69. List the prime factors of w(3).
3, 379
Let l be (-4)/(-2*(-1)/(-2)). Suppose 2*n = l*f + 35 - 211, -f + 4*n = -51. What are the prime factors of f?
43
Let r = 3 + -9. What are the prime factors of 4/r*(-48)/2?
2
Suppose -4*z + 6*z = 10. Let b = 4 + z. List the prime factors of (33/b - 0)*3.
11
Suppose -72 = -4*j - y, 5*j - 2*y - 1 = 76. Suppose 3*g = m - j, -m - 4*g + 2*g = 3. Suppose 5*z - z + 3*p = 157, -3*z = m*p - 115. List the prime factors of z.
2, 5
Let g = 62 - 101. Let p = 72 + g. What are the prime factors of p?
3, 11
Let b(w) = 17*w**3 + 10*w**2 - 41*w - 2. What are the prime factors of b(6)?
2, 11, 43
Let s = 178 + 1183. What are the prime factors of s?
1361
Let t be -2 - (3/4 - (-1624)/(-32)). Suppose -b = -y + 34, 5*y - 29 + 169 = -5*b. Let p = t + b. What are the prime factors of p?
17
Let g = 29 + 41. List the prime factors of g.
2, 5, 7
Let y be (-7)/(-14)*(62 - 2). Let l = 74 + y. Let q = l + -52. What are the prime factors of q?
2, 13
List the prime factors of (-7 - 2)*(-51 + 0 + -2).
3, 53
Let p(q) = -q**3 - 14*q**2 - 20*q - 14. Let h be p(-12). Let t = -35 - h. List the prime factors of t.
3
Suppose -23*c + 56434 = 6*c. List the prime factors of c.
2, 7, 139
Let x(f) = -8*f - 23. Let t = -15 + 10. List the prime factors of x(t).
17
Let a(v) = v**3 - 8*v**2 - 8*v + 10. Let m(s) be the first derivative of s**4/4 + 5*s**3/3 + s**2 + s - 5. Let l be m(-4). List the prime factors of a(l).
19
Let i(w) = w**2 + 12*w - 6. Let v be 0 + -11 + 0 - -2. Let a be i(v). What are the prime factors of a/11*(-10)/3?
2, 5
Let y(v) = v + 11. Let l be y(-8). Suppose -5*w + 7 + l = 0. Suppose f + 0*f + 42 = 3*g, 3*f = -w*g + 28. What are the prime factors of g?
2, 7
Let g(d) = -2*d. Let h be g(-2). Let n(y) = -h*y**3 + 10*y**3 + 8*y**2 + 6*y + 4 - 5*y**3. What are the prime factors of n(-5)?
7
Let z = 8 - 10. Let t be (-3)/3 + z*2. What are the prime factors of (15/(-6))/(t/50)?
5
Suppose -q - 45 = -2*q - 2*o, 3*o = -9. Suppose -q - 105 = -3*s. What are the prime factors of s?
2, 13
Let v(b) = -31*b. Let n be v(-8). Suppose 0 = 3*q - 7*q + n. Suppose 5*u = -m + 54, m - 3*u - q = 24. List the prime factors of m.
2, 37
Let t(v) = -v**3 - 13*v**2 + 21*v + 40. What are the prime factors of t(-15)?
5, 7
Suppose 4*t - 12923 = -5*q, -9691 = -3*t - 7*q + 2*q. What are the prime factors of t?
2, 101
Suppose 84*b = 88*b - 2064. List the prime factors of b.
2, 3, 43
Suppose -9*n + 1847 = -2257. What are the prime factors of n?
2, 3, 19
Suppose -36*m = -33*m - 2*z - 3926, 5*z + 6550 = 5*m. What are the prime factors of m?
2, 653
Suppose 0 = -3*k - i + 4, -k + 5*i = k - 31. Suppose -3*f - k*x + 27 = 0, 0*f + f = -3*x + 15. List the prime factors of f.
2, 3
Let c = -12 - -27. Let l be 0/(-2)*10/(-20). Let b = l + c. List the prime factors of b.
3, 5
Suppose 4*q + 82 = 2*i, -5*q - 39 - 11 = -i. Let t = i - 13. List the prime factors of t.
2, 11
Suppose -7*h + 11829 + 12363 = 0. What are the prime factors of h?
2, 3
Let x(z) = z**3 - 6*z**2 + 4*z - 23. Let b be x(6). List the prime factors of ((-7)/b)/(12/(-144)).
2, 3, 7
Let x(a) = -4*a**3 + a**2 + a - 1. Suppose -2*s + b = -b + 2, -9 = -s - 4*b. Let c be x(s). What are the prime factors of 1/(c - 138/(-45))?
3, 5
Let n(i) = -4*i**2 - 5*i + 11. Let z(q) = -3*q**2 - 6*q + 12. Let r(f) = -4*n(f) + 5*z(f). What are the prime factors of r(14)?
2, 3
Let j(p) = -17*p - 3. Let c be (2 - (-3 - -2))*-1. Let h be j(c). Suppose 8*b - h = 4*b. List the prime factors of b.
2, 3
Let b = 91 - 91. Suppose 3*t - 20*t + 731 = b. What are the prime factors of t?
43
Let m be (-36)/8*(-8)/6. Let k = -4 + m. List the prime factors of k/9 + (-208)/(-36).
2, 3
Suppose -2*b - 6 = -16. Suppose 3*t + 10*s - 5*s = 5, 35 = t - b*s. Let y(r) = 4*r + 22. What are the prime factors of y(t)?
2, 31
Let h = -1093 + 1973. Suppose 0 = 6*w + 2*w - h. List the prime factors of w.
2, 5, 11
Suppose 2*s - 2*n = 14, -2*n - 3*n - 11 = -s. What are the prime factors of 100/s - -3 - 4/6?
19
Let g = 846 - 546. What are the prime factors of (4/2 + g)/(-7 - -9)?
151
Let j = 195 - 105. Suppose z + 2*q + 0*q - 30 = 0, -3*z + 5*q = -j. What are the prime factors of z?
2, 3, 5
Let w(k) = 721*k + 42. What are the prime factors of w(3)?
3, 5, 7
What are the prime factors of ((-4)/6)/((-11)/29733)